e number?
False
Let n(m) = -6*m - 51. Let q be n(-8). Let x be q - (-6 - -3 - 2). Suppose x*p = -2*p + 15964. Is p composite?
True
Let w be 2/8 - (-76)/16. Suppose 5*c - x - 11930 = 0, 6*c = w*c - 5*x + 2412. Suppose 5*t = -2*t + c. Is t prime?
False
Let k(g) = 34*g**2 - 270*g - 3. Is k(45) prime?
False
Let o = 5185 + -2466. Is o a composite number?
False
Let l(w) = 27*w**2 - 7. Let z be l(6). Suppose -3*r + 5*c + z = -683, r - 556 = 3*c. Is r composite?
False
Let w be (-1224)/(-9)*177/(-6). Let u = -1619 - w. Is u composite?
False
Let d be 0 - (-2)/(4 - 2). Suppose w = d, -1494 + 4280 = 5*m + w. Is m a composite number?
False
Let i = 1 + -1. Let x = -1179 + 1184. Suppose i = o + x*o - 558. Is o a composite number?
True
Let y(q) = 97*q**2 + 2*q + 2. Suppose 0*p - 5*z = -p - 72, 0 = 5*p - z + 360. Let f = p - -71. Is y(f) a prime number?
True
Let p(r) = -19996*r**2 + r - 1. Let t be p(-1). Let b = t + 29389. Is b a composite number?
False
Let s = 32562 - 4069. Is s a composite number?
False
Is (19 - 3309036/(-84)) + (-5)/(-7) a prime number?
False
Let f(o) = 23*o**2 - 3*o - 5. Suppose u - 22 = 4. Let l be 267/39 - (-4)/u. Is f(l) composite?
True
Suppose 14*d + 37462 = -18468. Let g = 10966 - d. Is g a composite number?
True
Let y(d) = 4*d**2 + 20*d - 10. Let i be y(-7). Suppose -i*h = -48372 - 217462. Is h prime?
True
Suppose h + 3*c = 0, 3*h - c = -3*c + 7. Let y be (-1274)/(-2) + ((-3)/(-1))/h. Suppose y = 5*m - 417. Is m a composite number?
False
Suppose -3*p + p = -2*s - 51752, 5*s - 129410 = -5*p. Is p prime?
False
Is -14 + -7 - (-18 + -56434) prime?
True
Suppose 0 = 4*s - 8, 79171 = b - 75*s + 70*s. Is b a prime number?
True
Let m(j) = -781*j + 106. Is m(-45) a composite number?
False
Let o(k) = k**2 - k + 9. Let c be o(3). Let r(n) = n**2 - 1 - 34*n**3 + c*n**3 + 10*n**3 - 2*n. Is r(-3) a composite number?
False
Suppose 0 = -94*u - 16*u + 31481707 + 27623163. Is u a prime number?
False
Let t = 135969 + -42800. Is t a composite number?
False
Let i be ((-1)/(-2))/((-2)/(-4))*9. Let t(c) = 14*c**3 - 10*c**2 - 8*c - 13. Is t(i) a prime number?
True
Let c = -96877 - -302078. Is c a prime number?
True
Suppose 8*b + 4*n = 3*b + 1030, 4*b = n + 845. Let y = 360 + -239. Let s = b + y. Is s a composite number?
False
Let v(a) = -7*a**2 - 10*a**2 + a**3 - 5*a**3 - 2*a + 22*a**2 + 2 - 9*a**2. Is v(-4) prime?
False
Let x be (-273)/(((-2)/(-3))/((-2)/3)). Let a be (2/6 + 1)*x. Let t = a - 159. Is t a composite number?
True
Let x be (-242)/(-88) - 2/(-8). Is ((-5266)/x)/((-182)/21 - -8) composite?
False
Let g(l) = l**3 - 6*l**2 - 28*l + 9. Let o be g(9). Suppose -s = 1, 10*p - 8*p - 2*s - 12668 = o. Is p prime?
False
Suppose 23784 = 4*g - 7132. Let k = g - 5100. Suppose -5*m = -16*m + k. Is m a prime number?
True
Let h = 178631 + -77870. Is h composite?
True
Suppose 4 = -6*z + 22. Suppose -x - x = 3*s, 0 = x - z*s. Suppose -2169 = -2*h + r, -3*h - 4*r - 604 + 3885 = x. Is h composite?
False
Suppose x = -5, 186 = 4*p + x + x. Let z = -27 + p. Let b(c) = -c**2 + 47*c + 21. Is b(z) composite?
False
Is 273956/6 + ((-6)/(-8))/(351/(-156)) composite?
False
Let f(l) = 67*l + 11*l + 53*l + 56*l. Let v be f(1). Let y = v + -104. Is y a composite number?
False
Is (-435711)/(-15) + 192/(-480) composite?
True
Let y = 24363 - -92626. Is y composite?
False
Let s(f) = -188*f - 9. Let u be s(-4). Suppose 0 = 5*v - 10*v - 35. Is u + 4/(-12)*(1 + v) prime?
False
Let y = -82826 - -129505. Is y prime?
True
Is (-6)/105*114505*-7 a prime number?
False
Suppose -198 = -84*h + 18*h. Suppose 2*m = 3*r + 717 + 1784, h*r = -5*m + 6242. Is m composite?
False
Suppose -3*v = 5*o - 17, 5*o + 2*v - 25 = 7*v. Suppose -o*l = 12, -7*l + 915 = y - 5*l. Is y prime?
False
Let a(j) = -64*j**3 - 151*j**2 + 28*j - 1. Is a(-14) composite?
True
Let o = -257191 + 476790. Is o a prime number?
True
Let c(p) = -p**2 - 7*p - 8055. Let v be c(0). Let z = v - -11690. Is z a prime number?
False
Suppose -70230658 = -217*i + 60418749. Is i composite?
True
Suppose 5295 - 15740 = -y. Suppose -5217 = -r + 4*m, -2*r + 0*m = 3*m - y. Is r a prime number?
False
Suppose 0 = -3*h - 4*k + 1493, -2*h + 5*k = -6*h + 1991. Suppose -c + 3*c + 184 = 0. Let d = h + c. Is d composite?
True
Let l(s) = -27*s**3 - s**2 - 5*s - 21. Let c(h) = 6*h + 20. Let n be c(-4). Is l(n) composite?
True
Let n = 184 + -188. Is n/(-108)*6 + 12571/9 composite?
True
Suppose -453107 = -17*n + 113571 + 1372461. Is n a composite number?
False
Suppose 6*u + 80399 = 3*v + 10*u, -5*v = 4*u - 134001. Is v a prime number?
True
Let n(t) be the first derivative of 5*t**3/6 + 4*t**2 - 11*t + 1. Let i(p) be the first derivative of n(p). Is i(9) prime?
True
Suppose 5*i - 24677 = -l, 39*i - 38*i + 24653 = l. Is l composite?
True
Suppose u - 15 = 6*u, -3*c = -3*u - 18. Suppose 75 = -c*a + 4*a. Suppose 3843 + a = 3*g. Is g composite?
True
Suppose 4*l - 14927 = -2739. Suppose -l = -o - 0*o. Is o prime?
False
Let y(v) = 5*v**3 + 2*v**2 + 5*v - 9. Let l be y(2). Is ((-106)/(-4))/(l/7154) prime?
False
Let r(i) = -6*i**3 + 3*i + 2. Let p be r(-1). Suppose -v - p*y = -27, -2*v - 17 = 2*v - 5*y. Is (369/18)/((v/172)/1) a prime number?
False
Suppose -5*n = 6*q - 4803547, -4*n + q = -3*q - 3842908. Is n a composite number?
True
Suppose 3*f + 2*d = -12, f - 4*d = -6*d - 4. Is ((-10)/(-4) + f)*193136/(-24) prime?
True
Suppose 3*h + 2*h = 45. Suppose -28*b + 31*b = h. Suppose 1696 = b*k - 5*a, 0*k - 4*k - 2*a = -2218. Is k prime?
True
Suppose 64*s = -69*s - 44*s + 49904619. Is s prime?
True
Suppose -17*t = -1117074 - 917333. Is t composite?
False
Suppose -2*r - 262621 = -76*t + 71*t, 0 = 2*t + 2*r - 105040. Is t a prime number?
False
Let r be ((-2)/(-2 + 0))/(-1). Let t be r*(-2 - 78304/(-4)). Is t/(-12) - (-1)/(-12)*2 a prime number?
False
Suppose -10*k - 4016 + 44346 = 0. Let x = k + -6526. Let l = x - -3740. Is l composite?
True
Suppose 0 = -3*f - 170 - 55. Let q = f + 468. Let n = q + 0. Is n a composite number?
True
Let u(i) be the second derivative of i**5/20 + 59*i**4/12 - 7*i**3/6 + 103*i**2 - 7*i - 12. Is u(-47) a prime number?
True
Let m = 191725 + 53164. Is m a composite number?
False
Let j be 132/(-9)*(-3)/(-2). Let w be 7391/3 - (-3 + j/(-6)). Let g = w + -1624. Is g composite?
False
Let s be (-33254)/(-8) + 10/40. Suppose -5*f = -4*m + s, m + 62*f - 65*f = 1034. Is m a composite number?
True
Let p(j) = -19*j**2 + 5*j - 4. Let u be p(3). Let y = u - -472. Suppose k = 2*r - 1393 + y, 4*r - 2127 = -5*k. Is r a composite number?
True
Let y = -201 - -201. Is 68831/35 - 6/10 - y composite?
True
Let r be 141/45 - 4/30. Suppose -h - r*w = -w - 12, -8 = -5*h + 3*w. Suppose h*k = 6*k - 22. Is k a prime number?
True
Let p(x) = 2*x**3 + x**2 + 4. Let w be p(0). Suppose -4*k + 19009 = o, 6*k + w*o - 4771 = 5*k. Is k prime?
True
Suppose -y + 225 = 4*y + 5*w, -5*w = 4*y - 179. Let k = y - 43. Suppose -k*t = 3*l - 2526, 4*l = l + 2*t + 2511. Is l prime?
True
Suppose -4*n + 53425 = 56*a - 55*a, 160179 = 3*a - 4*n. Is a prime?
True
Let q = 25028 - -707. Is q a prime number?
False
Suppose 0 = 4*y + 68 - 128. Let u(n) = 3*n**3 - 3*n**3 + n**3 - 13*n**2 - 10*n - 2. Is u(y) a prime number?
False
Let h(l) = 31*l + 66. Let v(q) = 16*q + 33. Let i(u) = 6*h(u) - 13*v(u). Is i(-23) a composite number?
True
Let n = 174 - 172. Is 10486/10 + n/5 a prime number?
True
Suppose -4*f = -5*y - 1153657, 5*f - 37*y - 1442064 = -38*y. Is f a composite number?
False
Let u(t) = t**3 - 5*t**2 + 17*t - 7. Let l(k) = -k**3 + 5*k**2 + 3*k - 4. Let n be l(-2). Is u(n) composite?
True
Let d = -997678 + 1765697. Is d composite?
True
Let x = -1 - 2. Let q(c) = -368*c**2 + 423*c**2 + 4 + 0. Is q(x) prime?
True
Suppose 5*m = 4*r + 459433, -5*r - 83159 = -2*m + 100604. Suppose 0 = -31*s + 24*s + m. Is s a composite number?
False
Suppose 5*v + 0*v = -5*h + 55, -h - 4 = -2*v. Let t be (-9)/h*64/(-6). Suppose 14*l = t*l - 1678. Is l a prime number?
True
Let w(f) = -183*f**3 - 3*f**2 + 3*f + 2. Suppose 2*h + s + 2 = 5*h, 4 = h + 3*s. Suppose -5*l + 2*z = 21, 2*z + 7 - h = -4*l. Is w(l) a composite number?
True
Suppose -8*d = 2 + 238. Let y be 9*(-2 - -4)*d/(-12). Suppose y*t - 49*t + 4772 = 0. Is t prime?
True
Is 21458 + (6 + 14 - 11) prime?
True
Let d(u) = 147*u - 3. Let v be d(2). Let q = -4 + v. Is q p